485 a multiple of 65?
False
Does 11 divide 7744?
True
Is 7238 a multiple of 2?
True
Is 17 a factor of 1326?
True
Does 32 divide 20032?
True
Is 23296 a multiple of 128?
True
Does 18 divide 13239?
False
Is 11 a factor of 405?
False
Is 396 a multiple of 132?
True
Is 9472 a multiple of 18?
False
Is 1674 a multiple of 27?
True
Is 13447 a multiple of 109?
False
Is 333 a multiple of 37?
True
Is 18 a factor of 722?
False
Is 112 a factor of 336?
True
Is 23880 a multiple of 17?
False
Is 29 a factor of 11107?
True
Is 24468 a multiple of 2?
True
Is 7 a factor of 3201?
False
Is 12 a factor of 688?
False
Is 1400 a multiple of 14?
True
Is 15 a factor of 772?
False
Is 9184 a multiple of 28?
True
Is 15 a multiple of 5?
True
Does 230 divide 43470?
True
Does 18 divide 390?
False
Does 26 divide 5672?
False
Is 294 a multiple of 7?
True
Does 7 divide 24640?
True
Is 2016 a multiple of 48?
True
Does 15 divide 4545?
True
Is 77 a factor of 6099?
False
Does 12 divide 312?
True
Is 3997 a multiple of 30?
False
Is 304 a factor of 72960?
True
Is 584 a multiple of 4?
True
Is 66 a factor of 871?
False
Is 3780 a multiple of 48?
False
Is 85 a factor of 2028?
False
Is 483 a multiple of 7?
True
Is 46 a factor of 920?
True
Is 876 a multiple of 12?
True
Is 490 a multiple of 5?
True
Does 30 divide 930?
True
Does 14 divide 708?
False
Is 47872 a multiple of 50?
False
Is 10 a factor of 115?
False
Is 93 a factor of 11439?
True
Is 2668 a multiple of 46?
True
Is 18 a factor of 24246?
True
Is 163 even?
False
Is 934 a multiple of 48?
False
Is 1512 a multiple of 126?
True
Does 9 divide 1962?
True
Does 72 divide 18770?
False
Does 58 divide 15287?
False
Is 7 a factor of 4795?
True
Does 26 divide 394?
False
Is 15657 a multiple of 10?
False
Does 40 divide 920?
True
Is 3 a factor of 11?
False
Is 10 a factor of 11310?
True
Is 1389 a multiple of 9?
False
Is 3800 a multiple of 152?
True
Does 263 divide 75528?
False
Is 111 a factor of 2775?
True
Does 123 divide 1186?
False
Is 29120 a multiple of 65?
True
Does 9 divide 13?
False
Does 15 divide 1860?
True
Is 2 a factor of 245?
False
Is 2669 a multiple of 58?
False
Does 38 divide 38950?
True
Is 18 a factor of 27119?
False
Does 17 divide 3978?
True
Is 43 a factor of 181?
False
Does 42 divide 123?
False
Does 3 divide 576?
True
Does 3 divide 3676?
False
Is 20748 a multiple of 57?
True
Does 9 divide 8757?
True
Is 2975 a multiple of 2?
False
Is 4580 a multiple of 10?
True
Does 4 divide 2557?
False
Does 124 divide 18694?
False
Does 55 divide 7480?
True
Is 70 a multiple of 14?
True
Is 18 a factor of 72738?
True
Does 124 divide 496?
True
Does 101 divide 1717?
True
Is 291 a multiple of 32?
False
Is 15 a factor of 9207?
False
Does 43 divide 17632?
False
Does 75 divide 1050?
True
Is 1940 a multiple of 3?
False
Is 1098 a multiple of 3?
True
Is 16 a factor of 3248?
True
Does 52 divide 39780?
True
Is 42658 a multiple of 14?
True
Does 145 divide 101250?
False
Does 3 divide 171?
True
Is 3561 a multiple of 2?
False
Is 2560 a multiple of 20?
True
Is 45 a factor of 15435?
True
Is 116 a factor of 5568?
True
Does 2 divide 59?
False
Is 35 a factor of 8925?
True
Is 34 a factor of 1084?
False
Does 110 divide 9128?
False
Does 79 divide 10902?
True
Is 23 a factor of 8041?
False
Is 4796 a multiple of 4?
True
Is 93 a factor of 14587?
False
Does 20 divide 682?
False
Is 2553 a multiple of 32?
False
Does 12 divide 2616?
True
Is 8 a factor of 1121?
False
Does 3 divide 490?
False
Is 9 a factor of 12302?
False
Is 64 a factor of 4136?
False
Does 7 divide 12125?
False
Is 22 a factor of 902?
True
Does 85 divide 18020?
True
Does 168 divide 27642?
False
Does 64 divide 88640?
True
Is 11 a factor of 5925?
False
Does 16 divide 183?
False
Is 22 a factor of 58420?
False
Is 27 a factor of 1971?
True
Is 10 a factor of 17382?
False
Is 210 a multiple of 14?
True
Does 19 divide 836?
True
Is 15 a factor of 1723?
False
Is 156 a factor of 38409?
False
Does 24 divide 456?
True
Is 5 a factor of 309?
False
Is 30 a factor of 1050?
True
Is 17 a factor of 422?
False
Does 16 divide 644?
False
Is 1102 a multiple of 7?
False
Is 665 a multiple of 51?
False
Is 23781 a multiple of 3?
True
Is 1137 a multiple of 22?
False
Is 14 a factor of 1498?
True
Is 11 a factor of 805?
False
Is 3799 a multiple of 13?
False
Is 2925 a multiple of 11?
False
Does 7 divide 854?
True
Is 10892 a multiple of 107?
False
Does 147 divide 13524?
True
Is 18592 a multiple of 83?
True
Does 41 divide 1189?
True
Does 145 divide 13195?
True
Is 12521 a multiple of 37?
False
Is 144913 a multiple of 48?
False
Is 75262 a multiple of 311?
True
Does 19 divide 76?
True
Is 629 a multiple of 53?
False
Is 280 a multiple of 14?
True
Is 7408 a multiple of 45?
False
Is 4200 a multiple of 56?
True
Does 20 divide 1825?
False
Is 193 a factor of 23932?
True
Does 195 divide 19917?
False
Does 10 divide 17200?
True
Does 6 divide 492?
True
Is 10 a factor of 586?
False
Does 41 divide 738?
True
Is 432 a multiple of 4?
True
Is 1909 a multiple of 61?
False
Is 480 a multiple of 20?
True
Does 123 divide 10942?
False
Does 10 divide 94740?
True
Does 26 divide 3835?
False
Does 51 divide 2189?
False
Is 31458 a multiple of 243?
False
Is 276 a multiple of 5?
False
Is 316 a multiple of 79?
True
Is 167 a factor of 6134?
False
Does 63 divide 130473?
True
Is 3 a factor of 1506?
True
Is 72250 a multiple of 17?
True
Is 66 a factor of 3102?
True
Is 4172 a multiple of 149?
True
Does 103 divide 1236?
True
Is 418 a multiple of 11?
True
Is 9 a factor of 14744?
False
Is 46 a factor of 690?
True
Is 140 a factor of 4997?
False
Is 2208 a multiple of 23?
True
Is 21 a factor of 2016?
True
Does 10 divide 19160?
True
Is 1230 a multiple of 41?
True
Does 36 divide 83168?
False
Does 2 divide 253?
False
Is 1472 a multiple of 42?
False
Is 29 a factor of 175?
False
Is 20580 a multiple of 28?
True
Does 15 divide 1101?
False
Is 24 a factor of 13152?
True
Is 270 a multiple of 27?
True
Does 35 divide 2100?
True
Is 1331 a multiple of 56?
False
Is 18 a factor of 32?
False
Is 904 a multiple of 15?
False
Does 18 divide 2817?
False
Is 17 a factor of 3077?
True
Is 160 a multiple of 32?
True
Does 80 divide 8960?
True
Does 17 divide 4731?
False
Is 6 a factor of 159?
False
Is 37590 a multiple of 10?
True
Is 8000 a multiple of 10?
True
Is 18 a factor of 108?
True
Is 357 a factor of 46043?
False
Is 5781 a multiple of 41?
True
Is 42 a factor of 420?
True
Does 13 divide 12441?
True
Is 767 a multiple of 42?
False
Is 14634 a multiple of 110?
False
Is 20 a factor of 580?
True
Is 125 a factor of 35000?
True
Is 26 a factor of 4403?
False
Is 23 a factor of 7717?
False
Is 125 a multiple of 7?
False
Is 1775 a multiple of 30?
False
Does 9 divide 5328?
True
Is 7 a factor of 23644?
False
Does 10 divide 34101?
False
Is 99 a multiple of 11?
True
Is 14 a factor of 15428?
True
Is 25 a factor of 34218?
False
Is 9 a factor of 7317?
True
Does 6 divide 1410?
True
Is 4823 a multiple of 13?
True
Is 2356 a multiple of 38?
True
Is 6 a factor of 2007?
False
Is 6 a factor of 40062?
True
Is 728 a multiple of 27?
False
Is 55886 a multiple of 33?
False
Is 2502 a multiple of 52?
False
Is 87 a multiple of 13?
False
Is 1154 a multiple of 11?
False
Is 173 a multiple of 3?
False
Is 5472 a multiple of 46?
False
Is 9 a factor of 23694?
False
Is 1015 a multiple of 35?
True
Does 9 divide 351?
True
Is 2 a factor of 8397?
False
Is 1739 a multiple of 21?
False
Does 35 divide 79345?
True
Is 48 a factor of 1968?
True
Is 2106 a multiple of 26?
True
Is 67 a factor of 134?
True
Does 3 divide 2188?
False
Is 22 a factor of 6424?
True
Does 6 divide 233?
False
Is 464 a multiple of 3?
False
Is 13519 a multiple of 89?
False
Does 4 divide 1840?
True
Does 32 divide 65139?
False
Is 312 even?
True
Is 1254 a multiple of 38?
True
Does 13 divide 1638?
True
Does 28 divide 3874?
False
Is 24 a factor of 37651?
False
Does 83 divide 1826?
True
Is 8 a factor of 128?
True
Is 364 a multiple of 2?
True
Is 31 a factor of 68211?
False
Does 14 divide 278?
False
Is 131 a factor of 14803?
True
Is 2 a factor of 159?
False
Is 46 a factor of 874?
True
Does 9 divide 702?
True
Is 352 a multiple of 16?
True
Does 85 divide 31373?
False
Is 4962 a multiple of 116?
False
Does 17 divide 3222?
False
Is 842 a multiple of 33?
False
Is 2 a factor of 473?
False
Is 4 a factor of 4836?
True
Is 648 a multi